{"id":9055,"date":"2022-02-23T20:09:41","date_gmt":"2022-02-23T20:09:41","guid":{"rendered":"https:\/\/radamesgnattali.com.br\/musica-em-cena\/1958-quem-roubou-o-meu-samba\/"},"modified":"2022-02-23T20:09:41","modified_gmt":"2022-02-23T20:09:41","slug":"1958-quem-roubou-o-meu-samba","status":"publish","type":"musica-em-cena","link":"https:\/\/radamesgnattali.com.br\/en\/musica-em-cena\/1958-quem-roubou-o-meu-samba\/","title":{"rendered":"1958. QUEM ROUBOU O MEU SAMBA"},"content":{"rendered":"<p>Directed by: Jos\u00e9 Carlos Burle<br \/>\nMusical direction by H\u00e9lio Barrozo Netto<br \/>\nBackground music: Radam\u00e9s Gnattali<br \/>\nSongs: \u201cFantasia nordestina\u201d \u2013 Musical arragement by Vicente Paiva about the motives of the song \u201cBai\u00e3o\u201d by Luiz Gonzaga and Humberto Teixeira and the folk northeastern melody \u201cMui\u00e9 Rendera\u201d, with Jackson do Pandeiro, Almira and choir.<br \/>\nStarring, Ankito.<\/p>\n<p>Source: A CAN\u00c7\u00c3O POPULAR NA HIST\u00d3RIA DO CINEMA BRASILEIRO &#8211; doctorate thesis by Marcia Regina Carvalho da Silva<br \/>\n<a href=\"http:\/\/www.dominiopublico.gov.br\/download\/texto\/cp141850.pdf\">thesis (dominiopublico.gov.br)<\/a><\/p>\n<p>Obs. The authors of the songs are not quoted in the work.<\/p>\n","protected":false},"featured_media":12456,"template":"","cat-musica-cena":[962],"class_list":["post-9055","musica-em-cena","type-musica-em-cena","status-publish","has-post-thumbnail","hentry","cat-musica-cena-cinema-en"],"yoast_head":"<!-- This site is optimized with the Yoast SEO plugin v27.2 - https:\/\/yoast.com\/product\/yoast-seo-wordpress\/ -->\n<title>1958. QUEM ROUBOU O MEU SAMBA - Radam\u00e9s Gnattali<\/title>\n<meta name=\"robots\" content=\"index, follow, max-snippet:-1, max-image-preview:large, max-video-preview:-1\" \/>\n<link rel=\"canonical\" href=\"https:\/\/radamesgnattali.com.br\/en\/musica-em-cena\/1958-quem-roubou-o-meu-samba\/\" \/>\n<meta property=\"og:locale\" content=\"en_US\" \/>\n<meta property=\"og:type\" content=\"article\" \/>\n<meta property=\"og:title\" content=\"1958. QUEM ROUBOU O MEU SAMBA - Radam\u00e9s Gnattali\" \/>\n<meta property=\"og:description\" content=\"Directed by: Jos\u00e9 Carlos Burle Musical direction by H\u00e9lio Barrozo Netto Background music: Radam\u00e9s Gnattali Songs: \u201cFantasia nordestina\u201d \u2013 Musical arragement by Vicente Paiva about the motives of the song \u201cBai\u00e3o\u201d by Luiz Gonzaga and Humberto Teixeira and the folk northeastern melody \u201cMui\u00e9 Rendera\u201d, with Jackson do Pandeiro, Almira and choir. Starring, Ankito. Source: A [&hellip;]\" \/>\n<meta property=\"og:url\" content=\"https:\/\/radamesgnattali.com.br\/en\/musica-em-cena\/1958-quem-roubou-o-meu-samba\/\" \/>\n<meta property=\"og:site_name\" content=\"Radam\u00e9s Gnattali\" \/>\n<meta name=\"twitter:card\" content=\"summary_large_image\" \/>\n<script type=\"application\/ld+json\" class=\"yoast-schema-graph\">{\"@context\":\"https:\/\/schema.org\",\"@graph\":[{\"@type\":\"WebPage\",\"@id\":\"https:\/\/radamesgnattali.com.br\/en\/musica-em-cena\/1958-quem-roubou-o-meu-samba\/\",\"url\":\"https:\/\/radamesgnattali.com.br\/en\/musica-em-cena\/1958-quem-roubou-o-meu-samba\/\",\"name\":\"1958. QUEM ROUBOU O MEU SAMBA - Radam\u00e9s Gnattali\",\"isPartOf\":{\"@id\":\"https:\/\/radamesgnattali.com.br\/#website\"},\"primaryImageOfPage\":{\"@id\":\"https:\/\/radamesgnattali.com.br\/en\/musica-em-cena\/1958-quem-roubou-o-meu-samba\/#primaryimage\"},\"image\":{\"@id\":\"https:\/\/radamesgnattali.com.br\/en\/musica-em-cena\/1958-quem-roubou-o-meu-samba\/#primaryimage\"},\"thumbnailUrl\":\"https:\/\/radamesgnattali.com.br\/wp-content\/uploads\/2022\/02\/QUEM-ROUBOU-MEU-SAMBA-CN_0413.jpg\",\"datePublished\":\"2022-02-23T20:09:41+00:00\",\"breadcrumb\":{\"@id\":\"https:\/\/radamesgnattali.com.br\/en\/musica-em-cena\/1958-quem-roubou-o-meu-samba\/#breadcrumb\"},\"inLanguage\":\"en-US\",\"potentialAction\":[{\"@type\":\"ReadAction\",\"target\":[\"https:\/\/radamesgnattali.com.br\/en\/musica-em-cena\/1958-quem-roubou-o-meu-samba\/\"]}]},{\"@type\":\"ImageObject\",\"inLanguage\":\"en-US\",\"@id\":\"https:\/\/radamesgnattali.com.br\/en\/musica-em-cena\/1958-quem-roubou-o-meu-samba\/#primaryimage\",\"url\":\"https:\/\/radamesgnattali.com.br\/wp-content\/uploads\/2022\/02\/QUEM-ROUBOU-MEU-SAMBA-CN_0413.jpg\",\"contentUrl\":\"https:\/\/radamesgnattali.com.br\/wp-content\/uploads\/2022\/02\/QUEM-ROUBOU-MEU-SAMBA-CN_0413.jpg\",\"width\":365,\"height\":550,\"caption\":\"DEDE\"},{\"@type\":\"BreadcrumbList\",\"@id\":\"https:\/\/radamesgnattali.com.br\/en\/musica-em-cena\/1958-quem-roubou-o-meu-samba\/#breadcrumb\",\"itemListElement\":[{\"@type\":\"ListItem\",\"position\":1,\"name\":\"In\u00edcio\",\"item\":\"https:\/\/radamesgnattali.com.br\/en\/\"},{\"@type\":\"ListItem\",\"position\":2,\"name\":\"M\u00fasica em cena\",\"item\":\"https:\/\/radamesgnattali.com.br\/musica-em-cena\/\"},{\"@type\":\"ListItem\",\"position\":3,\"name\":\"1958. QUEM ROUBOU O MEU SAMBA\"}]},{\"@type\":\"WebSite\",\"@id\":\"https:\/\/radamesgnattali.com.br\/#website\",\"url\":\"https:\/\/radamesgnattali.com.br\/\",\"name\":\"Radam\u00e9s Gnattali\",\"description\":\"\",\"potentialAction\":[{\"@type\":\"SearchAction\",\"target\":{\"@type\":\"EntryPoint\",\"urlTemplate\":\"https:\/\/radamesgnattali.com.br\/?s={search_term_string}\"},\"query-input\":{\"@type\":\"PropertyValueSpecification\",\"valueRequired\":true,\"valueName\":\"search_term_string\"}}],\"inLanguage\":\"en-US\"}]}<\/script>\n<!-- \/ Yoast SEO plugin. -->","yoast_head_json":{"title":"1958. QUEM ROUBOU O MEU SAMBA - Radam\u00e9s Gnattali","robots":{"index":"index","follow":"follow","max-snippet":"max-snippet:-1","max-image-preview":"max-image-preview:large","max-video-preview":"max-video-preview:-1"},"canonical":"https:\/\/radamesgnattali.com.br\/en\/musica-em-cena\/1958-quem-roubou-o-meu-samba\/","og_locale":"en_US","og_type":"article","og_title":"1958. QUEM ROUBOU O MEU SAMBA - Radam\u00e9s Gnattali","og_description":"Directed by: Jos\u00e9 Carlos Burle Musical direction by H\u00e9lio Barrozo Netto Background music: Radam\u00e9s Gnattali Songs: \u201cFantasia nordestina\u201d \u2013 Musical arragement by Vicente Paiva about the motives of the song \u201cBai\u00e3o\u201d by Luiz Gonzaga and Humberto Teixeira and the folk northeastern melody \u201cMui\u00e9 Rendera\u201d, with Jackson do Pandeiro, Almira and choir. Starring, Ankito. Source: A [&hellip;]","og_url":"https:\/\/radamesgnattali.com.br\/en\/musica-em-cena\/1958-quem-roubou-o-meu-samba\/","og_site_name":"Radam\u00e9s Gnattali","twitter_card":"summary_large_image","schema":{"@context":"https:\/\/schema.org","@graph":[{"@type":"WebPage","@id":"https:\/\/radamesgnattali.com.br\/en\/musica-em-cena\/1958-quem-roubou-o-meu-samba\/","url":"https:\/\/radamesgnattali.com.br\/en\/musica-em-cena\/1958-quem-roubou-o-meu-samba\/","name":"1958. QUEM ROUBOU O MEU SAMBA - Radam\u00e9s Gnattali","isPartOf":{"@id":"https:\/\/radamesgnattali.com.br\/#website"},"primaryImageOfPage":{"@id":"https:\/\/radamesgnattali.com.br\/en\/musica-em-cena\/1958-quem-roubou-o-meu-samba\/#primaryimage"},"image":{"@id":"https:\/\/radamesgnattali.com.br\/en\/musica-em-cena\/1958-quem-roubou-o-meu-samba\/#primaryimage"},"thumbnailUrl":"https:\/\/radamesgnattali.com.br\/wp-content\/uploads\/2022\/02\/QUEM-ROUBOU-MEU-SAMBA-CN_0413.jpg","datePublished":"2022-02-23T20:09:41+00:00","breadcrumb":{"@id":"https:\/\/radamesgnattali.com.br\/en\/musica-em-cena\/1958-quem-roubou-o-meu-samba\/#breadcrumb"},"inLanguage":"en-US","potentialAction":[{"@type":"ReadAction","target":["https:\/\/radamesgnattali.com.br\/en\/musica-em-cena\/1958-quem-roubou-o-meu-samba\/"]}]},{"@type":"ImageObject","inLanguage":"en-US","@id":"https:\/\/radamesgnattali.com.br\/en\/musica-em-cena\/1958-quem-roubou-o-meu-samba\/#primaryimage","url":"https:\/\/radamesgnattali.com.br\/wp-content\/uploads\/2022\/02\/QUEM-ROUBOU-MEU-SAMBA-CN_0413.jpg","contentUrl":"https:\/\/radamesgnattali.com.br\/wp-content\/uploads\/2022\/02\/QUEM-ROUBOU-MEU-SAMBA-CN_0413.jpg","width":365,"height":550,"caption":"DEDE"},{"@type":"BreadcrumbList","@id":"https:\/\/radamesgnattali.com.br\/en\/musica-em-cena\/1958-quem-roubou-o-meu-samba\/#breadcrumb","itemListElement":[{"@type":"ListItem","position":1,"name":"In\u00edcio","item":"https:\/\/radamesgnattali.com.br\/en\/"},{"@type":"ListItem","position":2,"name":"M\u00fasica em cena","item":"https:\/\/radamesgnattali.com.br\/musica-em-cena\/"},{"@type":"ListItem","position":3,"name":"1958. QUEM ROUBOU O MEU SAMBA"}]},{"@type":"WebSite","@id":"https:\/\/radamesgnattali.com.br\/#website","url":"https:\/\/radamesgnattali.com.br\/","name":"Radam\u00e9s Gnattali","description":"","potentialAction":[{"@type":"SearchAction","target":{"@type":"EntryPoint","urlTemplate":"https:\/\/radamesgnattali.com.br\/?s={search_term_string}"},"query-input":{"@type":"PropertyValueSpecification","valueRequired":true,"valueName":"search_term_string"}}],"inLanguage":"en-US"}]}},"_links":{"self":[{"href":"https:\/\/radamesgnattali.com.br\/en\/wp-json\/wp\/v2\/musica-em-cena\/9055","targetHints":{"allow":["GET"]}}],"collection":[{"href":"https:\/\/radamesgnattali.com.br\/en\/wp-json\/wp\/v2\/musica-em-cena"}],"about":[{"href":"https:\/\/radamesgnattali.com.br\/en\/wp-json\/wp\/v2\/types\/musica-em-cena"}],"wp:featuredmedia":[{"embeddable":true,"href":"https:\/\/radamesgnattali.com.br\/en\/wp-json\/wp\/v2\/media\/12456"}],"wp:attachment":[{"href":"https:\/\/radamesgnattali.com.br\/en\/wp-json\/wp\/v2\/media?parent=9055"}],"wp:term":[{"taxonomy":"cat-musica-cena","embeddable":true,"href":"https:\/\/radamesgnattali.com.br\/en\/wp-json\/wp\/v2\/cat-musica-cena?post=9055"}],"curies":[{"name":"wp","href":"https:\/\/api.w.org\/{rel}","templated":true}]}}

<p>Directed by: José Carlos Burle<br />
Musical direction by Hélio Barrozo Netto<br />
Background music: Radamés Gnattali<br />
Songs: “Fantasia nordestina” – Musical arragement by Vicente Paiva about the motives of the song “Baião” by Luiz Gonzaga and Humberto Teixeira and the folk northeastern melody “Muié Rendera”, with Jackson do Pandeiro, Almira and choir.<br />
Starring, Ankito.</p>
<p>Source: A CANÇÃO POPULAR NA HISTÓRIA DO CINEMA BRASILEIRO &#8211; doctorate thesis by Marcia Regina Carvalho da Silva<br />
<a href="http://www.dominiopublico.gov.br/download/texto/cp141850.pdf">thesis (dominiopublico.gov.br)</a></p>
<p>Obs. The authors of the songs are not quoted in the work.</p>

<!-- This site is optimized with the Yoast SEO plugin v27.2 - https://yoast.com/product/yoast-seo-wordpress/ -->
<title>1958. QUEM ROUBOU O MEU SAMBA - Radamés Gnattali</title>
<meta name="robots" content="index, follow, max-snippet:-1, max-image-preview:large, max-video-preview:-1" />
<link rel="canonical" href="https://radamesgnattali.com.br/en/musica-em-cena/1958-quem-roubou-o-meu-samba/" />
<meta property="og:locale" content="en_US" />
<meta property="og:type" content="article" />
<meta property="og:title" content="1958. QUEM ROUBOU O MEU SAMBA - Radamés Gnattali" />
<meta property="og:description" content="Directed by: José Carlos Burle Musical direction by Hélio Barrozo Netto Background music: Radamés Gnattali Songs: “Fantasia nordestina” – Musical arragement by Vicente Paiva about the motives of the song “Baião” by Luiz Gonzaga and Humberto Teixeira and the folk northeastern melody “Muié Rendera”, with Jackson do Pandeiro, Almira and choir. Starring, Ankito. Source: A [&hellip;]" />
<meta property="og:url" content="https://radamesgnattali.com.br/en/musica-em-cena/1958-quem-roubou-o-meu-samba/" />
<meta property="og:site_name" content="Radamés Gnattali" />
<meta name="twitter:card" content="summary_large_image" />
<script type="application/ld+json" class="yoast-schema-graph">{"@context":"https://schema.org","@graph":[{"@type":"WebPage","@id":"https://radamesgnattali.com.br/en/musica-em-cena/1958-quem-roubou-o-meu-samba/","url":"https://radamesgnattali.com.br/en/musica-em-cena/1958-quem-roubou-o-meu-samba/","name":"1958. QUEM ROUBOU O MEU SAMBA - Radamés Gnattali","isPartOf":{"@id":"https://radamesgnattali.com.br/#website"},"primaryImageOfPage":{"@id":"https://radamesgnattali.com.br/en/musica-em-cena/1958-quem-roubou-o-meu-samba/#primaryimage"},"image":{"@id":"https://radamesgnattali.com.br/en/musica-em-cena/1958-quem-roubou-o-meu-samba/#primaryimage"},"thumbnailUrl":"https://radamesgnattali.com.br/wp-content/uploads/2022/02/QUEM-ROUBOU-MEU-SAMBA-CN_0413.jpg","datePublished":"2022-02-23T20:09:41+00:00","breadcrumb":{"@id":"https://radamesgnattali.com.br/en/musica-em-cena/1958-quem-roubou-o-meu-samba/#breadcrumb"},"inLanguage":"en-US","potentialAction":[{"@type":"ReadAction","target":["https://radamesgnattali.com.br/en/musica-em-cena/1958-quem-roubou-o-meu-samba/"]}]},{"@type":"ImageObject","inLanguage":"en-US","@id":"https://radamesgnattali.com.br/en/musica-em-cena/1958-quem-roubou-o-meu-samba/#primaryimage","url":"https://radamesgnattali.com.br/wp-content/uploads/2022/02/QUEM-ROUBOU-MEU-SAMBA-CN_0413.jpg","contentUrl":"https://radamesgnattali.com.br/wp-content/uploads/2022/02/QUEM-ROUBOU-MEU-SAMBA-CN_0413.jpg","width":365,"height":550,"caption":"DEDE"},{"@type":"BreadcrumbList","@id":"https://radamesgnattali.com.br/en/musica-em-cena/1958-quem-roubou-o-meu-samba/#breadcrumb","itemListElement":[{"@type":"ListItem","position":1,"name":"Início","item":"https://radamesgnattali.com.br/en/"},{"@type":"ListItem","position":2,"name":"Música em cena","item":"https://radamesgnattali.com.br/musica-em-cena/"},{"@type":"ListItem","position":3,"name":"1958. QUEM ROUBOU O MEU SAMBA"}]},{"@type":"WebSite","@id":"https://radamesgnattali.com.br/#website","url":"https://radamesgnattali.com.br/","name":"Radamés Gnattali","description":"","potentialAction":[{"@type":"SearchAction","target":{"@type":"EntryPoint","urlTemplate":"https://radamesgnattali.com.br/?s={search_term_string}"},"query-input":{"@type":"PropertyValueSpecification","valueRequired":true,"valueName":"search_term_string"}}],"inLanguage":"en-US"}]}</script>
<!-- / Yoast SEO plugin. -->

1958. QUEM ROUBOU O MEU SAMBA - Radamés Gnattali

Directed by: José Carlos Burle Musical direction by Hélio Barrozo Netto Background music: Radamés Gnattali Songs: “Fantasia nordestina” – Musical arragement by Vicente Paiva about the motives of the song “Baião” by Luiz Gonzaga and Humberto Teixeira and the folk northeastern melody “Muié Rendera”, with Jackson do Pandeiro, Almira and choir. Starring, Ankito. Source: A [&hellip;]

Radamés Gnattali

Início

Música em cena
