{"id":9180,"date":"2022-04-06T15:43:53","date_gmt":"2022-04-06T15:43:53","guid":{"rendered":"https:\/\/radamesgnattali.com.br\/linha-do-tempo-radam\/1984\/"},"modified":"2022-10-26T19:33:56","modified_gmt":"2022-10-26T19:33:56","slug":"ano-1984","status":"publish","type":"linha-do-tempo-radam","link":"https:\/\/radamesgnattali.com.br\/en\/linha-do-tempo-radam\/ano-1984\/","title":{"rendered":"1984"},"content":{"rendered":"<ul>\n<li>the first concert <em>VII Panorama da M\u00fasica Brasileira Atual<\/em> presents, at the Leopoldo Miguez Hall, UFRJ School of Music, the Radam\u00e9s Gnattali (piano) and Raphael Rabello (guitar) duo interpreting, by Radam\u00e9s, among other pieces, the <strong><em>Concertino n\u00ba 2 for guitar and piano <\/em><\/strong><em>(1951)  <\/em>and <strong><em>Noturnos for quartet guitar and piano<\/em><\/strong><em>  (1958)<\/em>with the participation of the UFRJ String Quartet, with the author on the piano.<\/li>\n<\/ul>\n<figure id=\"attachment_8935\" class=\"wp-caption aligncenter\" style=\"width: 234px;\" aria-describedby=\"caption-attachment-8935\"><figcaption id=\"caption-attachment-8935\" class=\"wp-caption-text\"><a href=\"https:\/\/radamesgnattali.com.br\/wp-content\/uploads\/2022\/03\/Img43.jpg\"><img fetchpriority=\"high\" decoding=\"async\" class=\"aligncenter wp-image-7401 size-medium\" src=\"https:\/\/radamesgnattali.com.br\/wp-content\/uploads\/2022\/03\/Img43-266x300.jpg\" alt=\"\" width=\"266\" height=\"300\" srcset=\"https:\/\/radamesgnattali.com.br\/wp-content\/uploads\/2022\/03\/Img43-266x300.jpg 266w, https:\/\/radamesgnattali.com.br\/wp-content\/uploads\/2022\/03\/Img43-768x865.jpg 768w, https:\/\/radamesgnattali.com.br\/wp-content\/uploads\/2022\/03\/Img43.jpg 800w\" sizes=\"(max-width: 266px) 100vw, 266px\" \/><\/a>Raphael Rabello e Radam\u00e9s Gnattali.<\/p>\n<\/figcaption><\/figure>\n<ul>\n<li>Guitarists S\u00e9rgio and Odair Assad record and release, in France, for the GHA (Collection <em>Guitare d\u2019hier et d\u2019aujourd\u2019hui\u201d<\/em>), o Lp <strong><em>Gnattali, Piazzolla, Rodrigo<\/em><\/strong>, including the following works by Radames: <strong><em>Valsa<\/em><\/strong>e <strong><em>Corta-jaca<\/em><\/strong> (two movements of the suite <em>Retratos<\/em><strong><em>, <\/em><\/strong>dthe original for mandolin, choro ensemble and string orchestra, 1956\/57) and <em><strong>Brasiliana n\u00ba 8<\/strong>,<\/em> (from the 1956 original for two pianos). Released on LP in Brazil by the label <em>Com Anima<\/em>, SP, 1988.<\/li>\n<li>Radam\u00e9s participates in the launch of the <em><strong>First National Samba Pavilion<\/strong><\/em>, in Rio de Janeiro, between 11\/29 and 12\/02 Among the participants, Beth Carvalho, Paulino da Viola, Tom Jobim, Dona Ivone Lara, Alcione, Jo\u00e3o Nogueira, Roberto Ribeiro, Francis Hime and conductor Nelsinho, conducting an orchestra of 35 figures.<\/li>\n<li><strong>Radam\u00e9s composes:<\/strong>\n<ul>\n<li><strong><em>Trio n\u00ba 3 for piano, violin and cello<\/em><\/strong><\/li>\n<\/ul>\n<\/li>\n<\/ul>\n<ul>\n<li>A rally of the <strong><em>Diretas J\u00e1<\/em><\/strong> movement is held in S\u00e3o Paulo (SP), bringing together thousands of people who demand the return of direct elections for President of the Republic.<\/li>\n<\/ul>\n","protected":false},"template":"","anos-da-linha-do-tempo":[975],"class_list":["post-9180","linha-do-tempo-radam","type-linha-do-tempo-radam","status-publish","hentry","anos-da-linha-do-tempo-1984-en"],"yoast_head":"<!-- This site is optimized with the Yoast SEO plugin v27.2 - https:\/\/yoast.com\/product\/yoast-seo-wordpress\/ -->\n<title>1984 - Radam\u00e9s Gnattali<\/title>\n<meta name=\"robots\" content=\"index, follow, max-snippet:-1, max-image-preview:large, max-video-preview:-1\" \/>\n<link rel=\"canonical\" href=\"https:\/\/radamesgnattali.com.br\/en\/linha-do-tempo-radam\/ano-1984\/\" \/>\n<meta property=\"og:locale\" content=\"en_US\" \/>\n<meta property=\"og:type\" content=\"article\" \/>\n<meta property=\"og:title\" content=\"1984 - Radam\u00e9s Gnattali\" \/>\n<meta property=\"og:description\" content=\"the first concert VII Panorama da M\u00fasica Brasileira Atual presents, at the Leopoldo Miguez Hall, UFRJ School of Music, the Radam\u00e9s Gnattali (piano) and Raphael Rabello (guitar) duo interpreting, by Radam\u00e9s, among other pieces, the Concertino n\u00ba 2 for guitar and piano (1951) and Noturnos for quartet guitar and piano (1958)with the participation of the [&hellip;]\" \/>\n<meta property=\"og:url\" content=\"https:\/\/radamesgnattali.com.br\/en\/linha-do-tempo-radam\/ano-1984\/\" \/>\n<meta property=\"og:site_name\" content=\"Radam\u00e9s Gnattali\" \/>\n<meta property=\"article:modified_time\" content=\"2022-10-26T19:33:56+00:00\" \/>\n<meta property=\"og:image\" content=\"https:\/\/radamesgnattali.com.br\/wp-content\/uploads\/2022\/03\/Img43-266x300.jpg\" \/>\n<meta name=\"twitter:card\" content=\"summary_large_image\" \/>\n<meta name=\"twitter:label1\" content=\"Est. reading time\" \/>\n\t<meta name=\"twitter:data1\" content=\"1 minute\" \/>\n<script type=\"application\/ld+json\" class=\"yoast-schema-graph\">{\"@context\":\"https:\/\/schema.org\",\"@graph\":[{\"@type\":\"WebPage\",\"@id\":\"https:\/\/radamesgnattali.com.br\/en\/linha-do-tempo-radam\/ano-1984\/\",\"url\":\"https:\/\/radamesgnattali.com.br\/en\/linha-do-tempo-radam\/ano-1984\/\",\"name\":\"1984 - Radam\u00e9s Gnattali\",\"isPartOf\":{\"@id\":\"https:\/\/radamesgnattali.com.br\/#website\"},\"primaryImageOfPage\":{\"@id\":\"https:\/\/radamesgnattali.com.br\/en\/linha-do-tempo-radam\/ano-1984\/#primaryimage\"},\"image\":{\"@id\":\"https:\/\/radamesgnattali.com.br\/en\/linha-do-tempo-radam\/ano-1984\/#primaryimage\"},\"thumbnailUrl\":\"https:\/\/radamesgnattali.com.br\/wp-content\/uploads\/2022\/03\/Img43-266x300.jpg\",\"datePublished\":\"2022-04-06T15:43:53+00:00\",\"dateModified\":\"2022-10-26T19:33:56+00:00\",\"breadcrumb\":{\"@id\":\"https:\/\/radamesgnattali.com.br\/en\/linha-do-tempo-radam\/ano-1984\/#breadcrumb\"},\"inLanguage\":\"en-US\",\"potentialAction\":[{\"@type\":\"ReadAction\",\"target\":[\"https:\/\/radamesgnattali.com.br\/en\/linha-do-tempo-radam\/ano-1984\/\"]}]},{\"@type\":\"ImageObject\",\"inLanguage\":\"en-US\",\"@id\":\"https:\/\/radamesgnattali.com.br\/en\/linha-do-tempo-radam\/ano-1984\/#primaryimage\",\"url\":\"https:\/\/radamesgnattali.com.br\/wp-content\/uploads\/2022\/03\/Img43-266x300.jpg\",\"contentUrl\":\"https:\/\/radamesgnattali.com.br\/wp-content\/uploads\/2022\/03\/Img43-266x300.jpg\"},{\"@type\":\"BreadcrumbList\",\"@id\":\"https:\/\/radamesgnattali.com.br\/en\/linha-do-tempo-radam\/ano-1984\/#breadcrumb\",\"itemListElement\":[{\"@type\":\"ListItem\",\"position\":1,\"name\":\"In\u00edcio\",\"item\":\"https:\/\/radamesgnattali.com.br\/en\/\"},{\"@type\":\"ListItem\",\"position\":2,\"name\":\"Linha do tempo radam\u00e9s\",\"item\":\"https:\/\/radamesgnattali.com.br\/en\/linha-do-tempo-radam\/\"},{\"@type\":\"ListItem\",\"position\":3,\"name\":\"1984\"}]},{\"@type\":\"WebSite\",\"@id\":\"https:\/\/radamesgnattali.com.br\/#website\",\"url\":\"https:\/\/radamesgnattali.com.br\/\",\"name\":\"Radam\u00e9s Gnattali\",\"description\":\"\",\"potentialAction\":[{\"@type\":\"SearchAction\",\"target\":{\"@type\":\"EntryPoint\",\"urlTemplate\":\"https:\/\/radamesgnattali.com.br\/?s={search_term_string}\"},\"query-input\":{\"@type\":\"PropertyValueSpecification\",\"valueRequired\":true,\"valueName\":\"search_term_string\"}}],\"inLanguage\":\"en-US\"}]}<\/script>\n<!-- \/ Yoast SEO plugin. -->","yoast_head_json":{"title":"1984 - Radam\u00e9s Gnattali","robots":{"index":"index","follow":"follow","max-snippet":"max-snippet:-1","max-image-preview":"max-image-preview:large","max-video-preview":"max-video-preview:-1"},"canonical":"https:\/\/radamesgnattali.com.br\/en\/linha-do-tempo-radam\/ano-1984\/","og_locale":"en_US","og_type":"article","og_title":"1984 - Radam\u00e9s Gnattali","og_description":"the first concert VII Panorama da M\u00fasica Brasileira Atual presents, at the Leopoldo Miguez Hall, UFRJ School of Music, the Radam\u00e9s Gnattali (piano) and Raphael Rabello (guitar) duo interpreting, by Radam\u00e9s, among other pieces, the Concertino n\u00ba 2 for guitar and piano (1951) and Noturnos for quartet guitar and piano (1958)with the participation of the [&hellip;]","og_url":"https:\/\/radamesgnattali.com.br\/en\/linha-do-tempo-radam\/ano-1984\/","og_site_name":"Radam\u00e9s Gnattali","article_modified_time":"2022-10-26T19:33:56+00:00","og_image":[{"url":"https:\/\/radamesgnattali.com.br\/wp-content\/uploads\/2022\/03\/Img43-266x300.jpg","type":"","width":"","height":""}],"twitter_card":"summary_large_image","twitter_misc":{"Est. reading time":"1 minute"},"schema":{"@context":"https:\/\/schema.org","@graph":[{"@type":"WebPage","@id":"https:\/\/radamesgnattali.com.br\/en\/linha-do-tempo-radam\/ano-1984\/","url":"https:\/\/radamesgnattali.com.br\/en\/linha-do-tempo-radam\/ano-1984\/","name":"1984 - Radam\u00e9s Gnattali","isPartOf":{"@id":"https:\/\/radamesgnattali.com.br\/#website"},"primaryImageOfPage":{"@id":"https:\/\/radamesgnattali.com.br\/en\/linha-do-tempo-radam\/ano-1984\/#primaryimage"},"image":{"@id":"https:\/\/radamesgnattali.com.br\/en\/linha-do-tempo-radam\/ano-1984\/#primaryimage"},"thumbnailUrl":"https:\/\/radamesgnattali.com.br\/wp-content\/uploads\/2022\/03\/Img43-266x300.jpg","datePublished":"2022-04-06T15:43:53+00:00","dateModified":"2022-10-26T19:33:56+00:00","breadcrumb":{"@id":"https:\/\/radamesgnattali.com.br\/en\/linha-do-tempo-radam\/ano-1984\/#breadcrumb"},"inLanguage":"en-US","potentialAction":[{"@type":"ReadAction","target":["https:\/\/radamesgnattali.com.br\/en\/linha-do-tempo-radam\/ano-1984\/"]}]},{"@type":"ImageObject","inLanguage":"en-US","@id":"https:\/\/radamesgnattali.com.br\/en\/linha-do-tempo-radam\/ano-1984\/#primaryimage","url":"https:\/\/radamesgnattali.com.br\/wp-content\/uploads\/2022\/03\/Img43-266x300.jpg","contentUrl":"https:\/\/radamesgnattali.com.br\/wp-content\/uploads\/2022\/03\/Img43-266x300.jpg"},{"@type":"BreadcrumbList","@id":"https:\/\/radamesgnattali.com.br\/en\/linha-do-tempo-radam\/ano-1984\/#breadcrumb","itemListElement":[{"@type":"ListItem","position":1,"name":"In\u00edcio","item":"https:\/\/radamesgnattali.com.br\/en\/"},{"@type":"ListItem","position":2,"name":"Linha do tempo radam\u00e9s","item":"https:\/\/radamesgnattali.com.br\/en\/linha-do-tempo-radam\/"},{"@type":"ListItem","position":3,"name":"1984"}]},{"@type":"WebSite","@id":"https:\/\/radamesgnattali.com.br\/#website","url":"https:\/\/radamesgnattali.com.br\/","name":"Radam\u00e9s Gnattali","description":"","potentialAction":[{"@type":"SearchAction","target":{"@type":"EntryPoint","urlTemplate":"https:\/\/radamesgnattali.com.br\/?s={search_term_string}"},"query-input":{"@type":"PropertyValueSpecification","valueRequired":true,"valueName":"search_term_string"}}],"inLanguage":"en-US"}]}},"_links":{"self":[{"href":"https:\/\/radamesgnattali.com.br\/en\/wp-json\/wp\/v2\/linha-do-tempo-radam\/9180","targetHints":{"allow":["GET"]}}],"collection":[{"href":"https:\/\/radamesgnattali.com.br\/en\/wp-json\/wp\/v2\/linha-do-tempo-radam"}],"about":[{"href":"https:\/\/radamesgnattali.com.br\/en\/wp-json\/wp\/v2\/types\/linha-do-tempo-radam"}],"wp:attachment":[{"href":"https:\/\/radamesgnattali.com.br\/en\/wp-json\/wp\/v2\/media?parent=9180"}],"wp:term":[{"taxonomy":"anos-da-linha-do-tempo","embeddable":true,"href":"https:\/\/radamesgnattali.com.br\/en\/wp-json\/wp\/v2\/anos-da-linha-do-tempo?post=9180"}],"curies":[{"name":"wp","href":"https:\/\/api.w.org\/{rel}","templated":true}]}}

<ul>
<li>the first concert <em>VII Panorama da Música Brasileira Atual</em> presents, at the Leopoldo Miguez Hall, UFRJ School of Music, the Radamés Gnattali (piano) and Raphael Rabello (guitar) duo interpreting, by Radamés, among other pieces, the <strong><em>Concertino nº 2 for guitar and piano </em></strong><em>(1951)  </em>and <strong><em>Noturnos for quartet guitar and piano</em></strong><em>  (1958)</em>with the participation of the UFRJ String Quartet, with the author on the piano.</li>
</ul>
<figure id="attachment_8935" class="wp-caption aligncenter" style="width: 234px;" aria-describedby="caption-attachment-8935"><figcaption id="caption-attachment-8935" class="wp-caption-text"><a href="https://radamesgnattali.com.br/wp-content/uploads/2022/03/Img43.jpg"><img fetchpriority="high" decoding="async" class="aligncenter wp-image-7401 size-medium" src="https://radamesgnattali.com.br/wp-content/uploads/2022/03/Img43-266x300.jpg" alt="" width="266" height="300" srcset="https://radamesgnattali.com.br/wp-content/uploads/2022/03/Img43-266x300.jpg 266w, https://radamesgnattali.com.br/wp-content/uploads/2022/03/Img43-768x865.jpg 768w, https://radamesgnattali.com.br/wp-content/uploads/2022/03/Img43.jpg 800w" sizes="(max-width: 266px) 100vw, 266px" /></a>Raphael Rabello e Radamés Gnattali.</p>
</figcaption></figure>
<ul>
<li>Guitarists Sérgio and Odair Assad record and release, in France, for the GHA (Collection <em>Guitare d’hier et d’aujourd’hui”</em>), o Lp <strong><em>Gnattali, Piazzolla, Rodrigo</em></strong>, including the following works by Radames: <strong><em>Valsa</em></strong>e <strong><em>Corta-jaca</em></strong> (two movements of the suite <em>Retratos</em><strong><em>, </em></strong>dthe original for mandolin, choro ensemble and string orchestra, 1956/57) and <em><strong>Brasiliana nº 8</strong>,</em> (from the 1956 original for two pianos). Released on LP in Brazil by the label <em>Com Anima</em>, SP, 1988.</li>
<li>Radamés participates in the launch of the <em><strong>First National Samba Pavilion</strong></em>, in Rio de Janeiro, between 11/29 and 12/02 Among the participants, Beth Carvalho, Paulino da Viola, Tom Jobim, Dona Ivone Lara, Alcione, João Nogueira, Roberto Ribeiro, Francis Hime and conductor Nelsinho, conducting an orchestra of 35 figures.</li>
<li><strong>Radamés composes:</strong>
<ul>
<li><strong><em>Trio nº 3 for piano, violin and cello</em></strong></li>
</ul>
</li>
</ul>
<ul>
<li>A rally of the <strong><em>Diretas Já</em></strong> movement is held in São Paulo (SP), bringing together thousands of people who demand the return of direct elections for President of the Republic.</li>
</ul>

<!-- This site is optimized with the Yoast SEO plugin v27.2 - https://yoast.com/product/yoast-seo-wordpress/ -->
<title>1984 - Radamés Gnattali</title>
<meta name="robots" content="index, follow, max-snippet:-1, max-image-preview:large, max-video-preview:-1" />
<link rel="canonical" href="https://radamesgnattali.com.br/en/linha-do-tempo-radam/ano-1984/" />
<meta property="og:locale" content="en_US" />
<meta property="og:type" content="article" />
<meta property="og:title" content="1984 - Radamés Gnattali" />
<meta property="og:description" content="the first concert VII Panorama da Música Brasileira Atual presents, at the Leopoldo Miguez Hall, UFRJ School of Music, the Radamés Gnattali (piano) and Raphael Rabello (guitar) duo interpreting, by Radamés, among other pieces, the Concertino nº 2 for guitar and piano (1951) and Noturnos for quartet guitar and piano (1958)with the participation of the [&hellip;]" />
<meta property="og:url" content="https://radamesgnattali.com.br/en/linha-do-tempo-radam/ano-1984/" />
<meta property="og:site_name" content="Radamés Gnattali" />
<meta property="article:modified_time" content="2022-10-26T19:33:56+00:00" />
<meta property="og:image" content="https://radamesgnattali.com.br/wp-content/uploads/2022/03/Img43-266x300.jpg" />
<meta name="twitter:card" content="summary_large_image" />
<meta name="twitter:label1" content="Est. reading time" />
	<meta name="twitter:data1" content="1 minute" />
<script type="application/ld+json" class="yoast-schema-graph">{"@context":"https://schema.org","@graph":[{"@type":"WebPage","@id":"https://radamesgnattali.com.br/en/linha-do-tempo-radam/ano-1984/","url":"https://radamesgnattali.com.br/en/linha-do-tempo-radam/ano-1984/","name":"1984 - Radamés Gnattali","isPartOf":{"@id":"https://radamesgnattali.com.br/#website"},"primaryImageOfPage":{"@id":"https://radamesgnattali.com.br/en/linha-do-tempo-radam/ano-1984/#primaryimage"},"image":{"@id":"https://radamesgnattali.com.br/en/linha-do-tempo-radam/ano-1984/#primaryimage"},"thumbnailUrl":"https://radamesgnattali.com.br/wp-content/uploads/2022/03/Img43-266x300.jpg","datePublished":"2022-04-06T15:43:53+00:00","dateModified":"2022-10-26T19:33:56+00:00","breadcrumb":{"@id":"https://radamesgnattali.com.br/en/linha-do-tempo-radam/ano-1984/#breadcrumb"},"inLanguage":"en-US","potentialAction":[{"@type":"ReadAction","target":["https://radamesgnattali.com.br/en/linha-do-tempo-radam/ano-1984/"]}]},{"@type":"ImageObject","inLanguage":"en-US","@id":"https://radamesgnattali.com.br/en/linha-do-tempo-radam/ano-1984/#primaryimage","url":"https://radamesgnattali.com.br/wp-content/uploads/2022/03/Img43-266x300.jpg","contentUrl":"https://radamesgnattali.com.br/wp-content/uploads/2022/03/Img43-266x300.jpg"},{"@type":"BreadcrumbList","@id":"https://radamesgnattali.com.br/en/linha-do-tempo-radam/ano-1984/#breadcrumb","itemListElement":[{"@type":"ListItem","position":1,"name":"Início","item":"https://radamesgnattali.com.br/en/"},{"@type":"ListItem","position":2,"name":"Linha do tempo radamés","item":"https://radamesgnattali.com.br/en/linha-do-tempo-radam/"},{"@type":"ListItem","position":3,"name":"1984"}]},{"@type":"WebSite","@id":"https://radamesgnattali.com.br/#website","url":"https://radamesgnattali.com.br/","name":"Radamés Gnattali","description":"","potentialAction":[{"@type":"SearchAction","target":{"@type":"EntryPoint","urlTemplate":"https://radamesgnattali.com.br/?s={search_term_string}"},"query-input":{"@type":"PropertyValueSpecification","valueRequired":true,"valueName":"search_term_string"}}],"inLanguage":"en-US"}]}</script>
<!-- / Yoast SEO plugin. -->

1984 - Radamés Gnattali

the first concert VII Panorama da Música Brasileira Atual presents, at the Leopoldo Miguez Hall, UFRJ School of Music, the Radamés Gnattali (piano) and Raphael Rabello (guitar) duo interpreting, by Radamés, among other pieces, the Concertino nº 2 for guitar and piano (1951) and Noturnos for quartet guitar and piano (1958)with the participation of the [&hellip;]

Radamés Gnattali

Início

Linha do tempo radamés
