{"id":8272,"date":"2022-04-05T19:36:10","date_gmt":"2022-04-05T19:36:10","guid":{"rendered":"https:\/\/radamesgnattali.com.br\/linha-do-tempo-radam\/1948\/"},"modified":"2022-10-24T19:31:55","modified_gmt":"2022-10-24T19:31:55","slug":"ano-1948","status":"publish","type":"linha-do-tempo-radam","link":"https:\/\/radamesgnattali.com.br\/en\/linha-do-tempo-radam\/ano-1948\/","title":{"rendered":"1948"},"content":{"rendered":"<ul>\n<li>Radam\u00e9s premieres <strong><em>Samba in three movements, for piano, string orchestra and percussion typical of the samba schools of Rio de Janeiro, <\/em><\/strong>at a party promoted by R\u00e1dio Nacional to celebrate the one-year anniversary of the program <em>Dicion\u00e1rio Toddy,<\/em> written and presented by Fernando Lobo<strong> [1]<\/strong>.<\/li>\n<li><strong>Radam\u00e9s composes:<\/strong>\n<ul>\n<li><strong><br \/>\n  <em>Samba in 3 movements, <\/em><br \/>\n<\/strong><strong><br \/>\n  <em>for piano, string orchestra and percussion <\/em><br \/>\n<\/strong>(later Radam\u00e9s renamed the piece <strong><br \/>\n  <em>Brasiliana n\u00ba 2<\/em><br \/>\n<\/strong>)<\/li>\n<li><strong><br \/>\n  <em>Brasiliana<\/em><br \/>\n<\/strong> <strong><br \/>\n  <em>n\u00b0 3 &#8211; symphony, for full orchestra<\/em><br \/>\n<\/strong><\/li>\n<li><strong><em>Impressions of the City, for piano and orchestra<\/em><\/strong><\/li>\n<li><strong><em>Cheating (choro) for piano<\/em><\/strong><\/li>\n<\/ul>\n<\/li>\n<\/ul>\n<figure id=\"attachment_11137\" class=\"wp-caption aligncenter\" style=\"width: 249px;\" aria-describedby=\"caption-attachment-11137\"><figcaption id=\"caption-attachment-11137\" class=\"wp-caption-text\"><a href=\"https:\/\/radamesgnattali.com.br\/wp-content\/uploads\/2022\/09\/212-01.jpg\"><img fetchpriority=\"high\" decoding=\"async\" class=\"aligncenter wp-image-9967 size-medium\" src=\"https:\/\/radamesgnattali.com.br\/wp-content\/uploads\/2022\/09\/212-01-220x300.jpg\" alt=\"\" width=\"220\" height=\"300\" srcset=\"https:\/\/radamesgnattali.com.br\/wp-content\/uploads\/2022\/09\/212-01-220x300.jpg 220w, https:\/\/radamesgnattali.com.br\/wp-content\/uploads\/2022\/09\/212-01-751x1024.jpg 751w, https:\/\/radamesgnattali.com.br\/wp-content\/uploads\/2022\/09\/212-01-768x1047.jpg 768w, https:\/\/radamesgnattali.com.br\/wp-content\/uploads\/2022\/09\/212-01.jpg 1000w\" sizes=\"(max-width: 220px) 100vw, 220px\" \/><\/a>Brasiliana n\u00b0 3 (symphony)<\/figcaption><\/figure>\n<ul>\n<li>American Columbia invents the Lp<em>(Long-play<\/em>) of 33 1\/3 revolutions per minute. Philco creates and puts on the market the device that will allow the playback of the new disc.<\/li>\n<li>The <em>Brazilian Comedy Theater<\/em>, TBC, is founded in S\u00e3o Paulo.<\/li>\n<li>Cesar Lattes, Brazilian scientist, identifies and isolates the meson, a particle of the atom.<\/li>\n<li>Ben Gurion proclaims the Republic of Israel.<\/li>\n<li>On December 10 the United Nations General Assembly proclaims the Universal Declaration of Human Rights.<\/li>\n<\/ul>\n","protected":false},"template":"","anos-da-linha-do-tempo":[939],"class_list":["post-8272","linha-do-tempo-radam","type-linha-do-tempo-radam","status-publish","hentry","anos-da-linha-do-tempo-1948-en"],"yoast_head":"<!-- This site is optimized with the Yoast SEO plugin v27.2 - https:\/\/yoast.com\/product\/yoast-seo-wordpress\/ -->\n<title>1948 - Radam\u00e9s Gnattali<\/title>\n<meta name=\"robots\" content=\"index, follow, max-snippet:-1, max-image-preview:large, max-video-preview:-1\" \/>\n<link rel=\"canonical\" href=\"https:\/\/radamesgnattali.com.br\/en\/linha-do-tempo-radam\/ano-1948\/\" \/>\n<meta property=\"og:locale\" content=\"en_US\" \/>\n<meta property=\"og:type\" content=\"article\" \/>\n<meta property=\"og:title\" content=\"1948 - Radam\u00e9s Gnattali\" \/>\n<meta property=\"og:description\" content=\"Radam\u00e9s premieres Samba in three movements, for piano, string orchestra and percussion typical of the samba schools of Rio de Janeiro, at a party promoted by R\u00e1dio Nacional to celebrate the one-year anniversary of the program Dicion\u00e1rio Toddy, written and presented by Fernando Lobo [1]. Radam\u00e9s composes: Samba in 3 movements, for piano, string orchestra [&hellip;]\" \/>\n<meta property=\"og:url\" content=\"https:\/\/radamesgnattali.com.br\/en\/linha-do-tempo-radam\/ano-1948\/\" \/>\n<meta property=\"og:site_name\" content=\"Radam\u00e9s Gnattali\" \/>\n<meta property=\"article:modified_time\" content=\"2022-10-24T19:31:55+00:00\" \/>\n<meta property=\"og:image\" content=\"https:\/\/radamesgnattali.com.br\/wp-content\/uploads\/2022\/09\/212-01-220x300.jpg\" \/>\n<meta name=\"twitter:card\" content=\"summary_large_image\" \/>\n<meta name=\"twitter:label1\" content=\"Est. reading time\" \/>\n\t<meta name=\"twitter:data1\" content=\"1 minute\" \/>\n<script type=\"application\/ld+json\" class=\"yoast-schema-graph\">{\"@context\":\"https:\/\/schema.org\",\"@graph\":[{\"@type\":\"WebPage\",\"@id\":\"https:\/\/radamesgnattali.com.br\/en\/linha-do-tempo-radam\/ano-1948\/\",\"url\":\"https:\/\/radamesgnattali.com.br\/en\/linha-do-tempo-radam\/ano-1948\/\",\"name\":\"1948 - Radam\u00e9s Gnattali\",\"isPartOf\":{\"@id\":\"https:\/\/radamesgnattali.com.br\/#website\"},\"primaryImageOfPage\":{\"@id\":\"https:\/\/radamesgnattali.com.br\/en\/linha-do-tempo-radam\/ano-1948\/#primaryimage\"},\"image\":{\"@id\":\"https:\/\/radamesgnattali.com.br\/en\/linha-do-tempo-radam\/ano-1948\/#primaryimage\"},\"thumbnailUrl\":\"https:\/\/radamesgnattali.com.br\/wp-content\/uploads\/2022\/09\/212-01-220x300.jpg\",\"datePublished\":\"2022-04-05T19:36:10+00:00\",\"dateModified\":\"2022-10-24T19:31:55+00:00\",\"breadcrumb\":{\"@id\":\"https:\/\/radamesgnattali.com.br\/en\/linha-do-tempo-radam\/ano-1948\/#breadcrumb\"},\"inLanguage\":\"en-US\",\"potentialAction\":[{\"@type\":\"ReadAction\",\"target\":[\"https:\/\/radamesgnattali.com.br\/en\/linha-do-tempo-radam\/ano-1948\/\"]}]},{\"@type\":\"ImageObject\",\"inLanguage\":\"en-US\",\"@id\":\"https:\/\/radamesgnattali.com.br\/en\/linha-do-tempo-radam\/ano-1948\/#primaryimage\",\"url\":\"https:\/\/radamesgnattali.com.br\/wp-content\/uploads\/2022\/09\/212-01-220x300.jpg\",\"contentUrl\":\"https:\/\/radamesgnattali.com.br\/wp-content\/uploads\/2022\/09\/212-01-220x300.jpg\"},{\"@type\":\"BreadcrumbList\",\"@id\":\"https:\/\/radamesgnattali.com.br\/en\/linha-do-tempo-radam\/ano-1948\/#breadcrumb\",\"itemListElement\":[{\"@type\":\"ListItem\",\"position\":1,\"name\":\"In\u00edcio\",\"item\":\"https:\/\/radamesgnattali.com.br\/en\/\"},{\"@type\":\"ListItem\",\"position\":2,\"name\":\"Linha do tempo radam\u00e9s\",\"item\":\"https:\/\/radamesgnattali.com.br\/en\/linha-do-tempo-radam\/\"},{\"@type\":\"ListItem\",\"position\":3,\"name\":\"1948\"}]},{\"@type\":\"WebSite\",\"@id\":\"https:\/\/radamesgnattali.com.br\/#website\",\"url\":\"https:\/\/radamesgnattali.com.br\/\",\"name\":\"Radam\u00e9s Gnattali\",\"description\":\"\",\"potentialAction\":[{\"@type\":\"SearchAction\",\"target\":{\"@type\":\"EntryPoint\",\"urlTemplate\":\"https:\/\/radamesgnattali.com.br\/?s={search_term_string}\"},\"query-input\":{\"@type\":\"PropertyValueSpecification\",\"valueRequired\":true,\"valueName\":\"search_term_string\"}}],\"inLanguage\":\"en-US\"}]}<\/script>\n<!-- \/ Yoast SEO plugin. -->","yoast_head_json":{"title":"1948 - Radam\u00e9s Gnattali","robots":{"index":"index","follow":"follow","max-snippet":"max-snippet:-1","max-image-preview":"max-image-preview:large","max-video-preview":"max-video-preview:-1"},"canonical":"https:\/\/radamesgnattali.com.br\/en\/linha-do-tempo-radam\/ano-1948\/","og_locale":"en_US","og_type":"article","og_title":"1948 - Radam\u00e9s Gnattali","og_description":"Radam\u00e9s premieres Samba in three movements, for piano, string orchestra and percussion typical of the samba schools of Rio de Janeiro, at a party promoted by R\u00e1dio Nacional to celebrate the one-year anniversary of the program Dicion\u00e1rio Toddy, written and presented by Fernando Lobo [1]. Radam\u00e9s composes: Samba in 3 movements, for piano, string orchestra [&hellip;]","og_url":"https:\/\/radamesgnattali.com.br\/en\/linha-do-tempo-radam\/ano-1948\/","og_site_name":"Radam\u00e9s Gnattali","article_modified_time":"2022-10-24T19:31:55+00:00","og_image":[{"url":"https:\/\/radamesgnattali.com.br\/wp-content\/uploads\/2022\/09\/212-01-220x300.jpg","type":"","width":"","height":""}],"twitter_card":"summary_large_image","twitter_misc":{"Est. reading time":"1 minute"},"schema":{"@context":"https:\/\/schema.org","@graph":[{"@type":"WebPage","@id":"https:\/\/radamesgnattali.com.br\/en\/linha-do-tempo-radam\/ano-1948\/","url":"https:\/\/radamesgnattali.com.br\/en\/linha-do-tempo-radam\/ano-1948\/","name":"1948 - Radam\u00e9s Gnattali","isPartOf":{"@id":"https:\/\/radamesgnattali.com.br\/#website"},"primaryImageOfPage":{"@id":"https:\/\/radamesgnattali.com.br\/en\/linha-do-tempo-radam\/ano-1948\/#primaryimage"},"image":{"@id":"https:\/\/radamesgnattali.com.br\/en\/linha-do-tempo-radam\/ano-1948\/#primaryimage"},"thumbnailUrl":"https:\/\/radamesgnattali.com.br\/wp-content\/uploads\/2022\/09\/212-01-220x300.jpg","datePublished":"2022-04-05T19:36:10+00:00","dateModified":"2022-10-24T19:31:55+00:00","breadcrumb":{"@id":"https:\/\/radamesgnattali.com.br\/en\/linha-do-tempo-radam\/ano-1948\/#breadcrumb"},"inLanguage":"en-US","potentialAction":[{"@type":"ReadAction","target":["https:\/\/radamesgnattali.com.br\/en\/linha-do-tempo-radam\/ano-1948\/"]}]},{"@type":"ImageObject","inLanguage":"en-US","@id":"https:\/\/radamesgnattali.com.br\/en\/linha-do-tempo-radam\/ano-1948\/#primaryimage","url":"https:\/\/radamesgnattali.com.br\/wp-content\/uploads\/2022\/09\/212-01-220x300.jpg","contentUrl":"https:\/\/radamesgnattali.com.br\/wp-content\/uploads\/2022\/09\/212-01-220x300.jpg"},{"@type":"BreadcrumbList","@id":"https:\/\/radamesgnattali.com.br\/en\/linha-do-tempo-radam\/ano-1948\/#breadcrumb","itemListElement":[{"@type":"ListItem","position":1,"name":"In\u00edcio","item":"https:\/\/radamesgnattali.com.br\/en\/"},{"@type":"ListItem","position":2,"name":"Linha do tempo radam\u00e9s","item":"https:\/\/radamesgnattali.com.br\/en\/linha-do-tempo-radam\/"},{"@type":"ListItem","position":3,"name":"1948"}]},{"@type":"WebSite","@id":"https:\/\/radamesgnattali.com.br\/#website","url":"https:\/\/radamesgnattali.com.br\/","name":"Radam\u00e9s Gnattali","description":"","potentialAction":[{"@type":"SearchAction","target":{"@type":"EntryPoint","urlTemplate":"https:\/\/radamesgnattali.com.br\/?s={search_term_string}"},"query-input":{"@type":"PropertyValueSpecification","valueRequired":true,"valueName":"search_term_string"}}],"inLanguage":"en-US"}]}},"_links":{"self":[{"href":"https:\/\/radamesgnattali.com.br\/en\/wp-json\/wp\/v2\/linha-do-tempo-radam\/8272","targetHints":{"allow":["GET"]}}],"collection":[{"href":"https:\/\/radamesgnattali.com.br\/en\/wp-json\/wp\/v2\/linha-do-tempo-radam"}],"about":[{"href":"https:\/\/radamesgnattali.com.br\/en\/wp-json\/wp\/v2\/types\/linha-do-tempo-radam"}],"wp:attachment":[{"href":"https:\/\/radamesgnattali.com.br\/en\/wp-json\/wp\/v2\/media?parent=8272"}],"wp:term":[{"taxonomy":"anos-da-linha-do-tempo","embeddable":true,"href":"https:\/\/radamesgnattali.com.br\/en\/wp-json\/wp\/v2\/anos-da-linha-do-tempo?post=8272"}],"curies":[{"name":"wp","href":"https:\/\/api.w.org\/{rel}","templated":true}]}}

<ul>
<li>Radamés premieres <strong><em>Samba in three movements, for piano, string orchestra and percussion typical of the samba schools of Rio de Janeiro, </em></strong>at a party promoted by Rádio Nacional to celebrate the one-year anniversary of the program <em>Dicionário Toddy,</em> written and presented by Fernando Lobo<strong> [1]</strong>.</li>
<li><strong>Radamés composes:</strong>
<ul>
<li><strong><br />
  <em>Samba in 3 movements, </em><br />
</strong><strong><br />
  <em>for piano, string orchestra and percussion </em><br />
</strong>(later Radamés renamed the piece <strong><br />
  <em>Brasiliana nº 2</em><br />
</strong>)</li>
<li><strong><br />
  <em>Brasiliana</em><br />
</strong> <strong><br />
  <em>n° 3 &#8211; symphony, for full orchestra</em><br />
</strong></li>
<li><strong><em>Impressions of the City, for piano and orchestra</em></strong></li>
<li><strong><em>Cheating (choro) for piano</em></strong></li>
</ul>
</li>
</ul>
<figure id="attachment_11137" class="wp-caption aligncenter" style="width: 249px;" aria-describedby="caption-attachment-11137"><figcaption id="caption-attachment-11137" class="wp-caption-text"><a href="https://radamesgnattali.com.br/wp-content/uploads/2022/09/212-01.jpg"><img fetchpriority="high" decoding="async" class="aligncenter wp-image-9967 size-medium" src="https://radamesgnattali.com.br/wp-content/uploads/2022/09/212-01-220x300.jpg" alt="" width="220" height="300" srcset="https://radamesgnattali.com.br/wp-content/uploads/2022/09/212-01-220x300.jpg 220w, https://radamesgnattali.com.br/wp-content/uploads/2022/09/212-01-751x1024.jpg 751w, https://radamesgnattali.com.br/wp-content/uploads/2022/09/212-01-768x1047.jpg 768w, https://radamesgnattali.com.br/wp-content/uploads/2022/09/212-01.jpg 1000w" sizes="(max-width: 220px) 100vw, 220px" /></a>Brasiliana n° 3 (symphony)</figcaption></figure>
<ul>
<li>American Columbia invents the Lp<em>(Long-play</em>) of 33 1/3 revolutions per minute. Philco creates and puts on the market the device that will allow the playback of the new disc.</li>
<li>The <em>Brazilian Comedy Theater</em>, TBC, is founded in São Paulo.</li>
<li>Cesar Lattes, Brazilian scientist, identifies and isolates the meson, a particle of the atom.</li>
<li>Ben Gurion proclaims the Republic of Israel.</li>
<li>On December 10 the United Nations General Assembly proclaims the Universal Declaration of Human Rights.</li>
</ul>

<!-- This site is optimized with the Yoast SEO plugin v27.2 - https://yoast.com/product/yoast-seo-wordpress/ -->
<title>1948 - Radamés Gnattali</title>
<meta name="robots" content="index, follow, max-snippet:-1, max-image-preview:large, max-video-preview:-1" />
<link rel="canonical" href="https://radamesgnattali.com.br/en/linha-do-tempo-radam/ano-1948/" />
<meta property="og:locale" content="en_US" />
<meta property="og:type" content="article" />
<meta property="og:title" content="1948 - Radamés Gnattali" />
<meta property="og:description" content="Radamés premieres Samba in three movements, for piano, string orchestra and percussion typical of the samba schools of Rio de Janeiro, at a party promoted by Rádio Nacional to celebrate the one-year anniversary of the program Dicionário Toddy, written and presented by Fernando Lobo [1]. Radamés composes: Samba in 3 movements, for piano, string orchestra [&hellip;]" />
<meta property="og:url" content="https://radamesgnattali.com.br/en/linha-do-tempo-radam/ano-1948/" />
<meta property="og:site_name" content="Radamés Gnattali" />
<meta property="article:modified_time" content="2022-10-24T19:31:55+00:00" />
<meta property="og:image" content="https://radamesgnattali.com.br/wp-content/uploads/2022/09/212-01-220x300.jpg" />
<meta name="twitter:card" content="summary_large_image" />
<meta name="twitter:label1" content="Est. reading time" />
	<meta name="twitter:data1" content="1 minute" />
<script type="application/ld+json" class="yoast-schema-graph">{"@context":"https://schema.org","@graph":[{"@type":"WebPage","@id":"https://radamesgnattali.com.br/en/linha-do-tempo-radam/ano-1948/","url":"https://radamesgnattali.com.br/en/linha-do-tempo-radam/ano-1948/","name":"1948 - Radamés Gnattali","isPartOf":{"@id":"https://radamesgnattali.com.br/#website"},"primaryImageOfPage":{"@id":"https://radamesgnattali.com.br/en/linha-do-tempo-radam/ano-1948/#primaryimage"},"image":{"@id":"https://radamesgnattali.com.br/en/linha-do-tempo-radam/ano-1948/#primaryimage"},"thumbnailUrl":"https://radamesgnattali.com.br/wp-content/uploads/2022/09/212-01-220x300.jpg","datePublished":"2022-04-05T19:36:10+00:00","dateModified":"2022-10-24T19:31:55+00:00","breadcrumb":{"@id":"https://radamesgnattali.com.br/en/linha-do-tempo-radam/ano-1948/#breadcrumb"},"inLanguage":"en-US","potentialAction":[{"@type":"ReadAction","target":["https://radamesgnattali.com.br/en/linha-do-tempo-radam/ano-1948/"]}]},{"@type":"ImageObject","inLanguage":"en-US","@id":"https://radamesgnattali.com.br/en/linha-do-tempo-radam/ano-1948/#primaryimage","url":"https://radamesgnattali.com.br/wp-content/uploads/2022/09/212-01-220x300.jpg","contentUrl":"https://radamesgnattali.com.br/wp-content/uploads/2022/09/212-01-220x300.jpg"},{"@type":"BreadcrumbList","@id":"https://radamesgnattali.com.br/en/linha-do-tempo-radam/ano-1948/#breadcrumb","itemListElement":[{"@type":"ListItem","position":1,"name":"Início","item":"https://radamesgnattali.com.br/en/"},{"@type":"ListItem","position":2,"name":"Linha do tempo radamés","item":"https://radamesgnattali.com.br/en/linha-do-tempo-radam/"},{"@type":"ListItem","position":3,"name":"1948"}]},{"@type":"WebSite","@id":"https://radamesgnattali.com.br/#website","url":"https://radamesgnattali.com.br/","name":"Radamés Gnattali","description":"","potentialAction":[{"@type":"SearchAction","target":{"@type":"EntryPoint","urlTemplate":"https://radamesgnattali.com.br/?s={search_term_string}"},"query-input":{"@type":"PropertyValueSpecification","valueRequired":true,"valueName":"search_term_string"}}],"inLanguage":"en-US"}]}</script>
<!-- / Yoast SEO plugin. -->

1948 - Radamés Gnattali

Radamés premieres Samba in three movements, for piano, string orchestra and percussion typical of the samba schools of Rio de Janeiro, at a party promoted by Rádio Nacional to celebrate the one-year anniversary of the program Dicionário Toddy, written and presented by Fernando Lobo [1]. Radamés composes: Samba in 3 movements, for piano, string orchestra [&hellip;]

Radamés Gnattali

Início

Linha do tempo radamés
