{"id":8236,"date":"2022-02-17T16:20:22","date_gmt":"2022-02-17T16:20:22","guid":{"rendered":"https:\/\/radamesgnattali.com.br\/linha-do-tempo-radam\/1908\/"},"modified":"2022-10-24T19:23:46","modified_gmt":"2022-10-24T19:23:46","slug":"ano-1908","status":"publish","type":"linha-do-tempo-radam","link":"https:\/\/radamesgnattali.com.br\/en\/linha-do-tempo-radam\/ano-1908\/","title":{"rendered":"1908"},"content":{"rendered":"<ul>\n<li>On February 13, Ernani Gnattali <strong>[1]<\/strong>, Radam\u00e9s&#8217; brother, was born in Porto Alegre (RS).<\/li>\n<\/ul>\n<p>&nbsp;<\/p>\n<p><a href=\"https:\/\/radamesgnattali.com.br\/wp-content\/uploads\/2022\/09\/Img14.jpg\"><img fetchpriority=\"high\" decoding=\"async\" class=\"aligncenter wp-image-9904 size-medium\" src=\"https:\/\/radamesgnattali.com.br\/wp-content\/uploads\/2022\/09\/Img14-215x300.jpg\" alt=\"\" width=\"215\" height=\"300\" srcset=\"https:\/\/radamesgnattali.com.br\/wp-content\/uploads\/2022\/09\/Img14-215x300.jpg 215w, https:\/\/radamesgnattali.com.br\/wp-content\/uploads\/2022\/09\/Img14-733x1024.jpg 733w, https:\/\/radamesgnattali.com.br\/wp-content\/uploads\/2022\/09\/Img14-768x1073.jpg 768w, https:\/\/radamesgnattali.com.br\/wp-content\/uploads\/2022\/09\/Img14.jpg 800w\" sizes=\"(max-width: 215px) 100vw, 215px\" \/><\/a><\/p>\n<p style=\"text-align: center;\">Radam\u00e9s and Ernani.<\/p>\n<p>&nbsp;<\/p>\n<ul>\n<li>Founded, in Porto Alegre (RS), the <em>School of Fine Arts<\/em>, where Radam\u00e9s studies and completes his piano course, in 1924.<\/li>\n<li>Violinist and composer Lu\u00eds Cosme was born in Porto Alegre (RS). In the mid-1920s, in the capital of Rio Grande do Sul, he would join the Henrique Oswald Quartet, with his friend Radam\u00e9s as violist.<\/li>\n<li>Singer and broadcaster Almirante (Henrique For\u00e9is Domingues) is born in Rio de Janeiro (RJ), <em>&#8220;radio&#8217;s greatest patent&#8221;<\/em>, who, together with Haroldo Barbosa, Jos\u00e9 Mauro, Paulo Tapaj\u00f3s and Radam\u00e9s, formed the first team of musical producers of R\u00e1dio Nacional, in the 1940&#8217;s and 50&#8217;s.<\/li>\n<li>Percussionist Luciano Perrone[2], the first Brazilian drummer to systematize and transpose the rhythm of the samba school bateria to the drum set, is born in Rio de Janeiro (RJ). Radam\u00e9s dedicates to him, among other works, <em>Brasiliana N\u00ba2<\/em> <strong><br \/>\n  <em>(Samba in three movements)<\/em><br \/>\n<\/strong>.<\/li>\n<li>The popular singer, composer, and poet Catulo da Paix\u00e3o Cearense holds a controversial audition of popular music at the National Institute of Music, in Rio de Janeiro, with the support of maestro Alberto Nepomuceno, who is severely criticized by the conservative wing of the musical class.<\/li>\n<li>The first radio station in the United States opens in San Diego (California\/USA).<\/li>\n<li>The COB, Confedera\u00e7\u00e3o Oper\u00e1ria Brasileira, of an anarchist line[3], was created as a result of the 1st Workers Congress, in 1906.<\/li>\n<\/ul>\n","protected":false},"template":"","anos-da-linha-do-tempo":[903],"class_list":["post-8236","linha-do-tempo-radam","type-linha-do-tempo-radam","status-publish","hentry","anos-da-linha-do-tempo-1908-en"],"yoast_head":"<!-- This site is optimized with the Yoast SEO plugin v27.2 - https:\/\/yoast.com\/product\/yoast-seo-wordpress\/ -->\n<title>1908 - Radam\u00e9s Gnattali<\/title>\n<meta name=\"robots\" content=\"index, follow, max-snippet:-1, max-image-preview:large, max-video-preview:-1\" \/>\n<link rel=\"canonical\" href=\"https:\/\/radamesgnattali.com.br\/en\/linha-do-tempo-radam\/ano-1908\/\" \/>\n<meta property=\"og:locale\" content=\"en_US\" \/>\n<meta property=\"og:type\" content=\"article\" \/>\n<meta property=\"og:title\" content=\"1908 - Radam\u00e9s Gnattali\" \/>\n<meta property=\"og:description\" content=\"On February 13, Ernani Gnattali [1], Radam\u00e9s&#8217; brother, was born in Porto Alegre (RS). &nbsp; Radam\u00e9s and Ernani. &nbsp; Founded, in Porto Alegre (RS), the School of Fine Arts, where Radam\u00e9s studies and completes his piano course, in 1924. Violinist and composer Lu\u00eds Cosme was born in Porto Alegre (RS). In the mid-1920s, in the [&hellip;]\" \/>\n<meta property=\"og:url\" content=\"https:\/\/radamesgnattali.com.br\/en\/linha-do-tempo-radam\/ano-1908\/\" \/>\n<meta property=\"og:site_name\" content=\"Radam\u00e9s Gnattali\" \/>\n<meta property=\"article:modified_time\" content=\"2022-10-24T19:23:46+00:00\" \/>\n<meta property=\"og:image\" content=\"https:\/\/radamesgnattali.com.br\/wp-content\/uploads\/2022\/09\/Img14-215x300.jpg\" \/>\n<meta name=\"twitter:card\" content=\"summary_large_image\" \/>\n<meta name=\"twitter:label1\" content=\"Est. reading time\" \/>\n\t<meta name=\"twitter:data1\" content=\"1 minute\" \/>\n<script type=\"application\/ld+json\" class=\"yoast-schema-graph\">{\"@context\":\"https:\/\/schema.org\",\"@graph\":[{\"@type\":\"WebPage\",\"@id\":\"https:\/\/radamesgnattali.com.br\/en\/linha-do-tempo-radam\/ano-1908\/\",\"url\":\"https:\/\/radamesgnattali.com.br\/en\/linha-do-tempo-radam\/ano-1908\/\",\"name\":\"1908 - Radam\u00e9s Gnattali\",\"isPartOf\":{\"@id\":\"https:\/\/radamesgnattali.com.br\/#website\"},\"primaryImageOfPage\":{\"@id\":\"https:\/\/radamesgnattali.com.br\/en\/linha-do-tempo-radam\/ano-1908\/#primaryimage\"},\"image\":{\"@id\":\"https:\/\/radamesgnattali.com.br\/en\/linha-do-tempo-radam\/ano-1908\/#primaryimage\"},\"thumbnailUrl\":\"https:\/\/radamesgnattali.com.br\/wp-content\/uploads\/2022\/09\/Img14-215x300.jpg\",\"datePublished\":\"2022-02-17T16:20:22+00:00\",\"dateModified\":\"2022-10-24T19:23:46+00:00\",\"breadcrumb\":{\"@id\":\"https:\/\/radamesgnattali.com.br\/en\/linha-do-tempo-radam\/ano-1908\/#breadcrumb\"},\"inLanguage\":\"en-US\",\"potentialAction\":[{\"@type\":\"ReadAction\",\"target\":[\"https:\/\/radamesgnattali.com.br\/en\/linha-do-tempo-radam\/ano-1908\/\"]}]},{\"@type\":\"ImageObject\",\"inLanguage\":\"en-US\",\"@id\":\"https:\/\/radamesgnattali.com.br\/en\/linha-do-tempo-radam\/ano-1908\/#primaryimage\",\"url\":\"https:\/\/radamesgnattali.com.br\/wp-content\/uploads\/2022\/09\/Img14-215x300.jpg\",\"contentUrl\":\"https:\/\/radamesgnattali.com.br\/wp-content\/uploads\/2022\/09\/Img14-215x300.jpg\"},{\"@type\":\"BreadcrumbList\",\"@id\":\"https:\/\/radamesgnattali.com.br\/en\/linha-do-tempo-radam\/ano-1908\/#breadcrumb\",\"itemListElement\":[{\"@type\":\"ListItem\",\"position\":1,\"name\":\"In\u00edcio\",\"item\":\"https:\/\/radamesgnattali.com.br\/en\/\"},{\"@type\":\"ListItem\",\"position\":2,\"name\":\"Linha do tempo radam\u00e9s\",\"item\":\"https:\/\/radamesgnattali.com.br\/en\/linha-do-tempo-radam\/\"},{\"@type\":\"ListItem\",\"position\":3,\"name\":\"1908\"}]},{\"@type\":\"WebSite\",\"@id\":\"https:\/\/radamesgnattali.com.br\/#website\",\"url\":\"https:\/\/radamesgnattali.com.br\/\",\"name\":\"Radam\u00e9s Gnattali\",\"description\":\"\",\"potentialAction\":[{\"@type\":\"SearchAction\",\"target\":{\"@type\":\"EntryPoint\",\"urlTemplate\":\"https:\/\/radamesgnattali.com.br\/?s={search_term_string}\"},\"query-input\":{\"@type\":\"PropertyValueSpecification\",\"valueRequired\":true,\"valueName\":\"search_term_string\"}}],\"inLanguage\":\"en-US\"}]}<\/script>\n<!-- \/ Yoast SEO plugin. -->","yoast_head_json":{"title":"1908 - Radam\u00e9s Gnattali","robots":{"index":"index","follow":"follow","max-snippet":"max-snippet:-1","max-image-preview":"max-image-preview:large","max-video-preview":"max-video-preview:-1"},"canonical":"https:\/\/radamesgnattali.com.br\/en\/linha-do-tempo-radam\/ano-1908\/","og_locale":"en_US","og_type":"article","og_title":"1908 - Radam\u00e9s Gnattali","og_description":"On February 13, Ernani Gnattali [1], Radam\u00e9s&#8217; brother, was born in Porto Alegre (RS). &nbsp; Radam\u00e9s and Ernani. &nbsp; Founded, in Porto Alegre (RS), the School of Fine Arts, where Radam\u00e9s studies and completes his piano course, in 1924. Violinist and composer Lu\u00eds Cosme was born in Porto Alegre (RS). In the mid-1920s, in the [&hellip;]","og_url":"https:\/\/radamesgnattali.com.br\/en\/linha-do-tempo-radam\/ano-1908\/","og_site_name":"Radam\u00e9s Gnattali","article_modified_time":"2022-10-24T19:23:46+00:00","og_image":[{"url":"https:\/\/radamesgnattali.com.br\/wp-content\/uploads\/2022\/09\/Img14-215x300.jpg","type":"","width":"","height":""}],"twitter_card":"summary_large_image","twitter_misc":{"Est. reading time":"1 minute"},"schema":{"@context":"https:\/\/schema.org","@graph":[{"@type":"WebPage","@id":"https:\/\/radamesgnattali.com.br\/en\/linha-do-tempo-radam\/ano-1908\/","url":"https:\/\/radamesgnattali.com.br\/en\/linha-do-tempo-radam\/ano-1908\/","name":"1908 - Radam\u00e9s Gnattali","isPartOf":{"@id":"https:\/\/radamesgnattali.com.br\/#website"},"primaryImageOfPage":{"@id":"https:\/\/radamesgnattali.com.br\/en\/linha-do-tempo-radam\/ano-1908\/#primaryimage"},"image":{"@id":"https:\/\/radamesgnattali.com.br\/en\/linha-do-tempo-radam\/ano-1908\/#primaryimage"},"thumbnailUrl":"https:\/\/radamesgnattali.com.br\/wp-content\/uploads\/2022\/09\/Img14-215x300.jpg","datePublished":"2022-02-17T16:20:22+00:00","dateModified":"2022-10-24T19:23:46+00:00","breadcrumb":{"@id":"https:\/\/radamesgnattali.com.br\/en\/linha-do-tempo-radam\/ano-1908\/#breadcrumb"},"inLanguage":"en-US","potentialAction":[{"@type":"ReadAction","target":["https:\/\/radamesgnattali.com.br\/en\/linha-do-tempo-radam\/ano-1908\/"]}]},{"@type":"ImageObject","inLanguage":"en-US","@id":"https:\/\/radamesgnattali.com.br\/en\/linha-do-tempo-radam\/ano-1908\/#primaryimage","url":"https:\/\/radamesgnattali.com.br\/wp-content\/uploads\/2022\/09\/Img14-215x300.jpg","contentUrl":"https:\/\/radamesgnattali.com.br\/wp-content\/uploads\/2022\/09\/Img14-215x300.jpg"},{"@type":"BreadcrumbList","@id":"https:\/\/radamesgnattali.com.br\/en\/linha-do-tempo-radam\/ano-1908\/#breadcrumb","itemListElement":[{"@type":"ListItem","position":1,"name":"In\u00edcio","item":"https:\/\/radamesgnattali.com.br\/en\/"},{"@type":"ListItem","position":2,"name":"Linha do tempo radam\u00e9s","item":"https:\/\/radamesgnattali.com.br\/en\/linha-do-tempo-radam\/"},{"@type":"ListItem","position":3,"name":"1908"}]},{"@type":"WebSite","@id":"https:\/\/radamesgnattali.com.br\/#website","url":"https:\/\/radamesgnattali.com.br\/","name":"Radam\u00e9s Gnattali","description":"","potentialAction":[{"@type":"SearchAction","target":{"@type":"EntryPoint","urlTemplate":"https:\/\/radamesgnattali.com.br\/?s={search_term_string}"},"query-input":{"@type":"PropertyValueSpecification","valueRequired":true,"valueName":"search_term_string"}}],"inLanguage":"en-US"}]}},"_links":{"self":[{"href":"https:\/\/radamesgnattali.com.br\/en\/wp-json\/wp\/v2\/linha-do-tempo-radam\/8236","targetHints":{"allow":["GET"]}}],"collection":[{"href":"https:\/\/radamesgnattali.com.br\/en\/wp-json\/wp\/v2\/linha-do-tempo-radam"}],"about":[{"href":"https:\/\/radamesgnattali.com.br\/en\/wp-json\/wp\/v2\/types\/linha-do-tempo-radam"}],"wp:attachment":[{"href":"https:\/\/radamesgnattali.com.br\/en\/wp-json\/wp\/v2\/media?parent=8236"}],"wp:term":[{"taxonomy":"anos-da-linha-do-tempo","embeddable":true,"href":"https:\/\/radamesgnattali.com.br\/en\/wp-json\/wp\/v2\/anos-da-linha-do-tempo?post=8236"}],"curies":[{"name":"wp","href":"https:\/\/api.w.org\/{rel}","templated":true}]}}

<ul>
<li>On February 13, Ernani Gnattali <strong>[1]</strong>, Radamés&#8217; brother, was born in Porto Alegre (RS).</li>
</ul>
<p>&nbsp;</p>
<p><a href="https://radamesgnattali.com.br/wp-content/uploads/2022/09/Img14.jpg"><img fetchpriority="high" decoding="async" class="aligncenter wp-image-9904 size-medium" src="https://radamesgnattali.com.br/wp-content/uploads/2022/09/Img14-215x300.jpg" alt="" width="215" height="300" srcset="https://radamesgnattali.com.br/wp-content/uploads/2022/09/Img14-215x300.jpg 215w, https://radamesgnattali.com.br/wp-content/uploads/2022/09/Img14-733x1024.jpg 733w, https://radamesgnattali.com.br/wp-content/uploads/2022/09/Img14-768x1073.jpg 768w, https://radamesgnattali.com.br/wp-content/uploads/2022/09/Img14.jpg 800w" sizes="(max-width: 215px) 100vw, 215px" /></a></p>
<p style="text-align: center;">Radamés and Ernani.</p>
<p>&nbsp;</p>
<ul>
<li>Founded, in Porto Alegre (RS), the <em>School of Fine Arts</em>, where Radamés studies and completes his piano course, in 1924.</li>
<li>Violinist and composer Luís Cosme was born in Porto Alegre (RS). In the mid-1920s, in the capital of Rio Grande do Sul, he would join the Henrique Oswald Quartet, with his friend Radamés as violist.</li>
<li>Singer and broadcaster Almirante (Henrique Foréis Domingues) is born in Rio de Janeiro (RJ), <em>&#8220;radio&#8217;s greatest patent&#8221;</em>, who, together with Haroldo Barbosa, José Mauro, Paulo Tapajós and Radamés, formed the first team of musical producers of Rádio Nacional, in the 1940&#8217;s and 50&#8217;s.</li>
<li>Percussionist Luciano Perrone[2], the first Brazilian drummer to systematize and transpose the rhythm of the samba school bateria to the drum set, is born in Rio de Janeiro (RJ). Radamés dedicates to him, among other works, <em>Brasiliana Nº2</em> <strong><br />
  <em>(Samba in three movements)</em><br />
</strong>.</li>
<li>The popular singer, composer, and poet Catulo da Paixão Cearense holds a controversial audition of popular music at the National Institute of Music, in Rio de Janeiro, with the support of maestro Alberto Nepomuceno, who is severely criticized by the conservative wing of the musical class.</li>
<li>The first radio station in the United States opens in San Diego (California/USA).</li>
<li>The COB, Confederação Operária Brasileira, of an anarchist line[3], was created as a result of the 1st Workers Congress, in 1906.</li>
</ul>

<!-- This site is optimized with the Yoast SEO plugin v27.2 - https://yoast.com/product/yoast-seo-wordpress/ -->
<title>1908 - Radamés Gnattali</title>
<meta name="robots" content="index, follow, max-snippet:-1, max-image-preview:large, max-video-preview:-1" />
<link rel="canonical" href="https://radamesgnattali.com.br/en/linha-do-tempo-radam/ano-1908/" />
<meta property="og:locale" content="en_US" />
<meta property="og:type" content="article" />
<meta property="og:title" content="1908 - Radamés Gnattali" />
<meta property="og:description" content="On February 13, Ernani Gnattali [1], Radamés&#8217; brother, was born in Porto Alegre (RS). &nbsp; Radamés and Ernani. &nbsp; Founded, in Porto Alegre (RS), the School of Fine Arts, where Radamés studies and completes his piano course, in 1924. Violinist and composer Luís Cosme was born in Porto Alegre (RS). In the mid-1920s, in the [&hellip;]" />
<meta property="og:url" content="https://radamesgnattali.com.br/en/linha-do-tempo-radam/ano-1908/" />
<meta property="og:site_name" content="Radamés Gnattali" />
<meta property="article:modified_time" content="2022-10-24T19:23:46+00:00" />
<meta property="og:image" content="https://radamesgnattali.com.br/wp-content/uploads/2022/09/Img14-215x300.jpg" />
<meta name="twitter:card" content="summary_large_image" />
<meta name="twitter:label1" content="Est. reading time" />
	<meta name="twitter:data1" content="1 minute" />
<script type="application/ld+json" class="yoast-schema-graph">{"@context":"https://schema.org","@graph":[{"@type":"WebPage","@id":"https://radamesgnattali.com.br/en/linha-do-tempo-radam/ano-1908/","url":"https://radamesgnattali.com.br/en/linha-do-tempo-radam/ano-1908/","name":"1908 - Radamés Gnattali","isPartOf":{"@id":"https://radamesgnattali.com.br/#website"},"primaryImageOfPage":{"@id":"https://radamesgnattali.com.br/en/linha-do-tempo-radam/ano-1908/#primaryimage"},"image":{"@id":"https://radamesgnattali.com.br/en/linha-do-tempo-radam/ano-1908/#primaryimage"},"thumbnailUrl":"https://radamesgnattali.com.br/wp-content/uploads/2022/09/Img14-215x300.jpg","datePublished":"2022-02-17T16:20:22+00:00","dateModified":"2022-10-24T19:23:46+00:00","breadcrumb":{"@id":"https://radamesgnattali.com.br/en/linha-do-tempo-radam/ano-1908/#breadcrumb"},"inLanguage":"en-US","potentialAction":[{"@type":"ReadAction","target":["https://radamesgnattali.com.br/en/linha-do-tempo-radam/ano-1908/"]}]},{"@type":"ImageObject","inLanguage":"en-US","@id":"https://radamesgnattali.com.br/en/linha-do-tempo-radam/ano-1908/#primaryimage","url":"https://radamesgnattali.com.br/wp-content/uploads/2022/09/Img14-215x300.jpg","contentUrl":"https://radamesgnattali.com.br/wp-content/uploads/2022/09/Img14-215x300.jpg"},{"@type":"BreadcrumbList","@id":"https://radamesgnattali.com.br/en/linha-do-tempo-radam/ano-1908/#breadcrumb","itemListElement":[{"@type":"ListItem","position":1,"name":"Início","item":"https://radamesgnattali.com.br/en/"},{"@type":"ListItem","position":2,"name":"Linha do tempo radamés","item":"https://radamesgnattali.com.br/en/linha-do-tempo-radam/"},{"@type":"ListItem","position":3,"name":"1908"}]},{"@type":"WebSite","@id":"https://radamesgnattali.com.br/#website","url":"https://radamesgnattali.com.br/","name":"Radamés Gnattali","description":"","potentialAction":[{"@type":"SearchAction","target":{"@type":"EntryPoint","urlTemplate":"https://radamesgnattali.com.br/?s={search_term_string}"},"query-input":{"@type":"PropertyValueSpecification","valueRequired":true,"valueName":"search_term_string"}}],"inLanguage":"en-US"}]}</script>
<!-- / Yoast SEO plugin. -->

1908 - Radamés Gnattali

On February 13, Ernani Gnattali [1], Radamés&#8217; brother, was born in Porto Alegre (RS). &nbsp; Radamés and Ernani. &nbsp; Founded, in Porto Alegre (RS), the School of Fine Arts, where Radamés studies and completes his piano course, in 1924. Violinist and composer Luís Cosme was born in Porto Alegre (RS). In the mid-1920s, in the [&hellip;]

Radamés Gnattali

Início

Linha do tempo radamés
