{"version":"1.0","provider_name":"Radam\u00e9s Gnattali","provider_url":"https:\/\/radamesgnattali.com.br\/en\/","author_name":"Roberto Gnattali","author_url":"https:\/\/radamesgnattali.com.br\/en\/author\/gnattali-robertogmail-com\/","title":"1977 - Radam\u00e9s Gnattali","type":"rich","width":600,"height":338,"html":"<blockquote class=\"wp-embedded-content\" data-secret=\"KEbo2zTBbs\"><a href=\"https:\/\/radamesgnattali.com.br\/en\/linha-do-tempo-radam\/ano-1977\/\">1977<\/a><\/blockquote><iframe sandbox=\"allow-scripts\" security=\"restricted\" src=\"https:\/\/radamesgnattali.com.br\/en\/linha-do-tempo-radam\/ano-1977\/embed\/#?secret=KEbo2zTBbs\" width=\"600\" height=\"338\" title=\"&#8220;1977&#8221; &#8212; Radam\u00e9s Gnattali\" data-secret=\"KEbo2zTBbs\" frameborder=\"0\" marginwidth=\"0\" marginheight=\"0\" scrolling=\"no\" class=\"wp-embedded-content\"><\/iframe><script>\n\/*! This file is auto-generated *\/\n!function(d,l){\"use strict\";l.querySelector&&d.addEventListener&&\"undefined\"!=typeof URL&&(d.wp=d.wp||{},d.wp.receiveEmbedMessage||(d.wp.receiveEmbedMessage=function(e){var t=e.data;if((t||t.secret||t.message||t.value)&&!\/[^a-zA-Z0-9]\/.test(t.secret)){for(var s,r,n,a=l.querySelectorAll('iframe[data-secret=\"'+t.secret+'\"]'),o=l.querySelectorAll('blockquote[data-secret=\"'+t.secret+'\"]'),c=new RegExp(\"^https?:$\",\"i\"),i=0;i<o.length;i++)o[i].style.display=\"none\";for(i=0;i<a.length;i++)s=a[i],e.source===s.contentWindow&&(s.removeAttribute(\"style\"),\"height\"===t.message?(1e3<(r=parseInt(t.value,10))?r=1e3:~~r<200&&(r=200),s.height=r):\"link\"===t.message&&(r=new URL(s.getAttribute(\"src\")),n=new URL(t.value),c.test(n.protocol))&&n.host===r.host&&l.activeElement===s&&(d.top.location.href=t.value))}},d.addEventListener(\"message\",d.wp.receiveEmbedMessage,!1),l.addEventListener(\"DOMContentLoaded\",function(){for(var e,t,s=l.querySelectorAll(\"iframe.wp-embedded-content\"),r=0;r<s.length;r++)(t=(e=s[r]).getAttribute(\"data-secret\"))||(t=Math.random().toString(36).substring(2,12),e.src+=\"#?secret=\"+t,e.setAttribute(\"data-secret\",t)),e.contentWindow.postMessage({message:\"ready\",secret:t},\"*\")},!1)))}(window,document);\n\/\/# sourceURL=https:\/\/radamesgnattali.com.br\/wp-includes\/js\/wp-embed.min.js\n<\/script>\n","description":"On October 11, Radam\u00e9s gives an interview to R\u00e1dio Jornal do Brasil \u2013 FM, Rio de Janeiro, for the program Especial JB, by Luiz Carlos Saroldi, with Ney Hamilton and special participation of producer Pel\u00e3o (Jo\u00e3o Carlos Botezelli). &nbsp; Radam\u00e9s talks about the beginning of his career, his entry into radio, as a pianist. Excerpt [&hellip;]","thumbnail_url":"https:\/\/radamesgnattali.com.br\/wp-content\/uploads\/2022\/03\/140-196x300.jpg"}

Radamés Gnattali

1977 - Radamés Gnattali

<blockquote class="wp-embedded-content" data-secret="KEbo2zTBbs"><a href="https://radamesgnattali.com.br/en/linha-do-tempo-radam/ano-1977/">1977</a></blockquote><iframe sandbox="allow-scripts" security="restricted" src="https://radamesgnattali.com.br/en/linha-do-tempo-radam/ano-1977/embed/#?secret=KEbo2zTBbs" width="600" height="338" title="&#8220;1977&#8221; &#8212; Radamés Gnattali" data-secret="KEbo2zTBbs" frameborder="0" marginwidth="0" marginheight="0" scrolling="no" class="wp-embedded-content"></iframe><script>
/*! This file is auto-generated */
!function(d,l){"use strict";l.querySelector&&d.addEventListener&&"undefined"!=typeof URL&&(d.wp=d.wp||{},d.wp.receiveEmbedMessage||(d.wp.receiveEmbedMessage=function(e){var t=e.data;if((t||t.secret||t.message||t.value)&&!/[^a-zA-Z0-9]/.test(t.secret)){for(var s,r,n,a=l.querySelectorAll('iframe[data-secret="'+t.secret+'"]'),o=l.querySelectorAll('blockquote[data-secret="'+t.secret+'"]'),c=new RegExp("^https?:$","i"),i=0;i<o.length;i++)o[i].style.display="none";for(i=0;i<a.length;i++)s=a[i],e.source===s.contentWindow&&(s.removeAttribute("style"),"height"===t.message?(1e3<(r=parseInt(t.value,10))?r=1e3:~~r<200&&(r=200),s.height=r):"link"===t.message&&(r=new URL(s.getAttribute("src")),n=new URL(t.value),c.test(n.protocol))&&n.host===r.host&&l.activeElement===s&&(d.top.location.href=t.value))}},d.addEventListener("message",d.wp.receiveEmbedMessage,!1),l.addEventListener("DOMContentLoaded",function(){for(var e,t,s=l.querySelectorAll("iframe.wp-embedded-content"),r=0;r<s.length;r++)(t=(e=s[r]).getAttribute("data-secret"))||(t=Math.random().toString(36).substring(2,12),e.src+="#?secret="+t,e.setAttribute("data-secret",t)),e.contentWindow.postMessage({message:"ready",secret:t},"*")},!1)))}(window,document);
//# sourceURL=https://radamesgnattali.com.br/wp-includes/js/wp-embed.min.js
</script>

On October 11, Radamés gives an interview to Rádio Jornal do Brasil – FM, Rio de Janeiro, for the program Especial JB, by Luiz Carlos Saroldi, with Ney Hamilton and special participation of producer Pelão (João Carlos Botezelli). &nbsp; Radamés talks about the beginning of his career, his entry into radio, as a pianist. Excerpt [&hellip;]
